 remainder when y(w) is divided by t?
2
Suppose -2*q + 7*q = 4*k + 30, 5*q - 3*k = 30. Suppose -3*y + y = -10. Suppose 0 = 2*w, -2*w + 53 + 2 = y*b. Calculate the remainder when b is divided by q.
5
Let a(s) = s**2 - 6*s + 14. Let l be a(6). Suppose -3*z + 35 = 4*q - 4*z, 4*z = 2*q. What is the remainder when ((-78)/4)/((-7)/l) is divided by q?
9
Suppose 71 = -5*m + 231. Suppose -5*h + m = -3*h. Calculate the remainder when h is divided by 9.
7
Suppose -4*o + 0*o + w - 41 = 0, 17 = -3*o - 2*w. What is the remainder when 22 is divided by 1 - o - (-3 - -5)?
6
Suppose 0 = 11*h - 9*h - 84. Calculate the remainder when h is divided by 22.
20
Suppose -3 + 0 = k. Calculate the remainder when 49 is divided by -2 - 3*(k + -2).
10
Suppose -5 = -5*x + 5. Let q(p) = -4*p + 4*p + p + p**x - 7. What is the remainder when q(5) is divided by 8?
7
Let u(j) = -2*j**3 - 11*j**2 - 7*j + 5. Calculate the remainder when u(-6) is divided by 44.
39
Let o = 1 - 0. Let x = 13 - 7. What is the remainder when x is divided by 1/(o*(-2)/(-4))?
0
Calculate the remainder when (-875)/(-28) + (-1)/4 is divided by (-1*6)/((-3)/4).
7
Let u(z) be the first derivative of -z**4/4 + z**3/3 + z**2/2 - z - 3. Let h be u(0). What is the remainder when h + (0 - -1) + 25 is divided by 13?
12
Suppose -24 - 36 = -4*c. Let b be 1*2/(-4)*0. Suppose -4*s + b*s = -112. Calculate the remainder when s is divided by c.
13
Calculate the remainder when 49 is divided by 1/(-1)*-3 - -22.
24
Let z(v) = v**2 + 10*v + 10. Let j = -1 - 9. What is the remainder when 38 is divided by z(j)?
8
Let p = -36 + 72. Let r = -21 + p. What is the remainder when ((-8)/6)/((-2)/r) is divided by 4?
2
Suppose 0 = -7*x + 2*x + 45. What is the remainder when 53 is divided by x?
8
Suppose -4*h - 3*b = 4, -28 = -4*h + 2*b + 3*b. Suppose h*l = -0*l. Let w(j) = j**3 + j + 37. Calculate the remainder when w(l) is divided by 19.
18
Let q = 31 - 15. Suppose -51 = 3*i - 144. What is the remainder when i is divided by q?
15
Suppose 2 = -z - 2, 0 = -2*q - 4*z + 12. What is the remainder when 79 is divided by q?
9
Let k be 0 - -7 - 1/1. Suppose w = k + 11. Calculate the remainder when 0 + (-1 + 67)/2 is divided by w.
16
Let d = 96 + -79. Calculate the remainder when 46 is divided by d.
12
Suppose -2*y + 2 = -2. Calculate the remainder when 9 is divided by y.
1
Let o be (-18)/(-12) + (-2)/(-4). What is the remainder when 8 is divided by ((-2)/o)/(2/(-6))?
2
What is the remainder when 65 is divided by 688/32 - ((-1)/2 + 0)?
21
What is the remainder when (-8)/(-60)*5 + 256/3 is divided by 30?
26
Let v = 4 + -9. Let w(h) = -5*h - 4. Calculate the remainder when (-4)/(-20) - 159/v is divided by w(-3).
10
Let t(l) = -l**2 - 3*l. Let d be t(-2). Let m be (-6)/(-4)*d/(-1). Calculate the remainder when (-4)/m*3*5 is divided by 7.
6
Suppose j - 19 = 6. What is the remainder when 96 is divided by j?
21
Suppose 4*i + 223 + 101 = 0. Let u = 169 + -56. Let b = u + i. Calculate the remainder when b is divided by 11.
10
Calculate the remainder when 74 is divided by ((1 - 4/8) + 0)*26.
9
Let h(t) = 2*t - 4. Let b be h(3). Let p(y) = -2*y + b + 4*y - y. What is the remainder when p(6) is divided by 5?
3
Suppose -4*s - 4*n + 50 + 118 = 0, -s + 5*n = -42. What is the remainder when s is divided by (9/3 - -8)/1?
9
Suppose 3*y - y = 0. Calculate the remainder when 54 is divided by -2 - y - -3 - -18.
16
Let i = 128 - 82. What is the remainder when i is divided by 16?
14
Let j(w) = w**3 + 6*w**2 - 7*w - 6. Let g be (15/6)/((-2)/4). What is the remainder when j(g) is divided by 19?
16
Let g = 25 + 0. Calculate the remainder when g is divided by 7.
4
Suppose c = 3 + 4. Let u(w) = -w**3 + 7*w**2 + 8*w - 12. Let m be u(8). Let j = -8 - m. Calculate the remainder when c is divided by j.
3
Let w(j) = -3*j + 2. Let n be w(-2). Let i(a) = a - 3. Calculate the remainder when 7 is divided by i(n).
2
Suppose -u + o + 3 = 0, u + o - 23 = -2*o. Calculate the remainder when 16 is divided by u.
0
Let l(i) = -i + 29. Let a = -8 - -4. Calculate the remainder when l(13) is divided by ((-2)/a + 0)*18.
7
Suppose 4*z = 146 + 90. What is the remainder when z is divided by 12?
11
Suppose -5*v + 29 = 3*p, -v - 15 = -5*p - 4. Let b be p/(-6)*(-9 - 1). Suppose u = b*u - 68. What is the remainder when u is divided by 9?
8
What is the remainder when 5/(-2)*42/(-15) is divided by ((-3)/(9/(-24)))/2?
3
Let j(z) = z**3 - 2*z**2 + 2*z - 6. Calculate the remainder when j(4) is divided by (-9)/(-3) - (-30)/5.
7
Let i(y) = y**2 - 4*y - 5. Let d be i(5). Suppose d*w - 2*w = -34. Let c = 28 - w. Calculate the remainder when c is divided by 6.
5
Let t(v) = -6*v. Calculate the remainder when 9 is divided by t(-1).
3
Suppose -8 = -u - 0*u. What is the remainder when 109 is divided by 7/(-2*(-1)/u)?
25
Suppose 0 = 5*h - 228 + 38. Suppose z + 8 = -z. Let m(g) = 2*g**2 + 6*g + 5. What is the remainder when h is divided by m(z)?
12
Suppose 5*i + 50 = 5*v, -3*v = -v + 5*i + 8. Suppose -3*p + 6 = -v. Suppose p*q = 4*f + 40, -3*f + 2 = 2*q + 7. Calculate the remainder when q is divided by 2.
1
Suppose 4*t + t - 15 = 0. Let g be (-452)/(-6) + (-1)/t. Calculate the remainder when 17 is divided by g/9 - 4/(-6).
8
Let q = -8 - -11. Let j(w) = -w**2 + 7*w + 1. Calculate the remainder when j(q) is divided by 7.
6
Let k = 26 - 24. What is the remainder when 6 is divided by 1 + ((-4)/(-1) - k)?
0
Let y(w) = -w + 28. Let z = -23 - -33. What is the remainder when y(0) is divided by z?
8
Suppose -3*p + 0*p + 9 = 0. Suppose x + 0*x = p. Suppose -4*d + 4 = 0, b - x = 2*d + 2. Calculate the remainder when b is divided by 4.
3
Suppose -20*j = -8*j - 1476. Calculate the remainder when j is divided by 43.
37
Calculate the remainder when 1/3*(27 + 6) is divided by 6.
5
Let r = 548 + -1324. Calculate the remainder when r/(-32) - (-6)/8 is divided by 14.
11
Let d = -1 - -4. Suppose d*r - 1 = 2*r. Let s = 5 - r. Calculate the remainder when s is divided by 3.
1
Let m = 1 - -13. Suppose u + 14 = 3*v + 1, -u - 7 = -2*v. Calculate the remainder when m is divided by (-3)/(v/(-16)) - 0.
6
Suppose 25 = 3*v - 26. What is the remainder when 33 is divided by v?
16
Let l(w) = 3*w**2 + 4*w + 1. Let y(a) = 3*a + 4. What is the remainder when l(4) is divided by y(6)?
21
Let r = 52 - 36. Suppose 2*v + 13 = 5*g - 0, 0 = 4*g + 4*v - r. What is the remainder when 7 is divided by g?
1
Suppose 0*v = 3*p - 2*v - 11, 17 = 3*p + v. Suppose p*t - 160 = -30. Calculate the remainder when t is divided by 14.
12
Suppose -4*i + 8 = -2*r, 4*r + 1 - 7 = -3*i. What is the remainder when 6 is divided by i?
0
Let q(c) = c**3 - 16*c**2 + 14*c + 20. Calculate the remainder when 4/(-4) - 15/(-1) is divided by q(15).
4
Let a = 80 + -36. What is the remainder when a is divided by 15?
14
Suppose -3*b + 20 = -b. Suppose 3*l = 2*s + 5 - 3, 5*s + 2*l + 24 = 0. Let t = 10 + s. Calculate the remainder when b is divided by t.
4
Let h = 203 + -120. Calculate the remainder when h is divided by 22.
17
Suppose 5*g - 138 = 2*g. What is the remainder when g is divided by 16?
14
Suppose -244 = 166*m - 170*m. Calculate the remainder when m is divided by 17.
10
Let u be 11/(1*(-3)/9). Let a = u + 60. Calculate the remainder when a is divided by 14.
13
Let q(z) = z - 4. Let d be q(4). Suppose 3*n - 16 - 29 = d. Calculate the remainder when 29 is divided by n.
14
What is the remainder when 4/(-10) + 197/5 is divided by 10?
9
Let s be (13/3)/((-1)/(-12)). Suppose -2 = a + 4*f - 6, 0 = 5*a + 4*f - s. Calculate the remainder when 3/6*(-46)/(-1) is divided by a.
11
Let n(d) = -d**3 - 7*d**2 - 6*d + 3. Calculate the remainder when n(-7) is divided by 16.
13
Let m(n) be the first derivative of n**4/4 + n**3/3 + 2*n**2 - 4*n + 6. Calculate the remainder when 47 is divided by m(2).
15
Calculate the remainder when (-5)/25*(-20)/(-8)*-58 is divided by 8.
5
Suppose -2*b - 5*a - 34 = -4*b, -3*b = 4*a - 28. Suppose -3*h = -b, 0 = 3*v - h - 75 - 59. What is the remainder when v is divided by 16?
14
Let x(n) = -11*n**2 - n + 23. Let t(u) = 5*u**2 - 11. Let m(o) = -13*t(o) - 6*x(o). What is the remainder when m(-9) is divided by 11?
10
Suppose n - 31 = -2*r, -6*r + r - 2*n + 76 = 0. Calculate the remainder when 65 is divided by r.
9
Let n(x) = -5*x - 6 + x**2 + 4 + 3*x - 5. What is the r